 = -223*v - 1528. Determine r(-7).
33
Let f(w) = -11970*w + 766236. What is f(64)?
156
Let l(r) = 94*r**2 - 2466*r + 12. What is l(26)?
-560
Let q(c) = -10*c**3 + c**2 + 126398*c - 126399. Calculate q(1).
-10
Let m(d) = 53*d**2 + 10285*d + 352. Give m(-194).
-230
Let f(i) = 2926767*i + 14633836. Determine f(-5).
1
Let d(v) = -3*v**3 - 2417*v**2 - 32*v - 5. What is d(0)?
-5
Let m(v) = 249565*v + 1746949. Give m(-7).
-6
Let o(s) = -s**3 - 158*s**2 - 5949*s + 110. What is o(-62)?
-76
Let v(j) = -18776*j - 8. Determine v(0).
-8
Let g(h) = 3*h**3 + 153*h**2 - 315*h - 268. What is g(-53)?
-427
Let o(g) = 16275*g + 97528. What is o(-6)?
-122
Let w(k) = -9117*k + 63810. What is w(7)?
-9
Let x(q) = -10283*q + 30288. Determine x(3).
-561
Let j(q) = 3*q**3 - 348*q**2 - 12614*q + 25. Determine j(-29).
-4
Let f(h) = 195*h**2 + 3313*h - 40. Determine f(-17).
-6
Let a(h) = -584*h - 133698. What is a(-228)?
-546
Let u(q) = 19*q**3 + 554*q**2 + 79*q - 220. Determine u(-29).
12
Let h(m) = -m**3 + 284*m**2 - 7841*m - 467. Calculate h(253).
39
Let p(j) = -1599*j**3 - 6*j**2 - 244*j + 250. Determine p(1).
-1599
Let i(o) = o**3 + 35*o**2 + 11*o - 325. Determine i(-35).
-710
Let a(g) = -g**3 + 40*g**2 - 28108*g - 404102. What is a(-14)?
-6
Let j(k) = -k**3 - 47*k**2 - 352*k + 554. Determine j(-38).
934
Let d(u) = -191796*u + 191788. What is d(1)?
-8
Let r(j) = -606*j - 17081. Calculate r(-28).
-113
Let o(n) = n**3 - 5540*n**2 + 296263*n - 1024. Give o(54).
2
Let a(k) = -34*k**3 - 136*k**2 - 115*k - 461. Give a(-4).
-1
Let x(t) = 2*t**3 - 8*t**2 - 402*t + 1631. Give x(4).
23
Let f(n) = -n**2 - 169*n + 81615. Calculate f(213).
249
Let o(w) = 907*w - 97122. What is o(107)?
-73
Let p(f) = -132*f + 306. Give p(9).
-882
Let d(o) = -39633*o - 16249526. Determine d(-410).
4
Let l(j) = -950927*j + 7607389. Calculate l(8).
-27
Let g(x) = x**3 - 168*x**2 + 3813*x - 159. Calculate g(27).
3
Let n(c) = -89*c**2 - 2220*c + 166. Determine n(-25).
41
Let r(w) = -w**3 - 53*w**2 - 399*w + 1582. Determine r(-43).
249
Let d(c) = -178*c + 3630. Calculate d(17).
604
Let z(w) = 4*w**3 - 2968*w**2 - 5961*w + 6710. Calculate z(744).
14
Let n(s) = 102*s + 2340. Give n(-21).
198
Let l(j) = -4*j**2 + 186*j - 2588. Calculate l(33).
-806
Let n(x) = -x**2 + 97*x - 1180. Give n(16).
116
Let y(o) = 1839*o - 876. Give y(1).
963
Let v(x) = 101*x - 52163. Calculate v(516).
-47
Let z(x) = -x**3 + 17*x**2 - 27*x + 582. What is z(18)?
-228
Let w(u) = 28*u**2 - 9193*u + 18381. Determine w(2).
107
Let c(v) = 3*v**2 + 599*v + 6062. Determine c(-11).
-164
Let m(p) = 3833*p + 49937. What is m(-13)?
108
Let q(u) = -7061*u + 2591359. Give q(367).
-28
Let i(g) = g**3 - 52*g**2 - 1172*g - 75. Give i(-17).
-92
Let l(a) = -33*a + 1081. Calculate l(28).
157
Let n(s) = 2*s**3 - 86*s**2 + 947*s - 553. Determine n(22).
-47
Let r(v) = 4*v**3 + 291*v**2 - 72*v + 2574. Give r(-73).
2501
Let j(y) = 4806*y - 120008. Give j(25).
142
Let q(w) = -w**3 + 457*w**2 + 910*w + 3713. Calculate q(459).
41
Let n(o) = o**2 - 8471*o - 42373. Calculate n(-5).
7
Let v(b) = 34*b**2 + 199*b - 530. What is v(-8)?
54
Let k(c) = 2*c**2 - 206*c + 5482. Determine k(49).
190
Let u(k) = -12*k**2 + 5462*k + 21967. Determine u(-4).
-73
Let d(y) = -123*y + 6393. Determine d(62).
-1233
Let o(i) = -5407*i - 351553. Calculate o(-65).
-98
Let w(h) = 3*h**3 - 491*h**2 + 2227*h - 125. Give w(159).
34
Let t(b) = -845413*b + 6. What is t(0)?
6
Let o(v) = v**3 - 17*v**2 - 160*v + 1165. Give o(6).
-191
Let o(y) = 221*y + 29445. Give o(-133).
52
Let t(o) = o**3 + 303*o**2 + 1111*o - 26674. What is t(-299)?
-1259
Let p(y) = 17372*y + 139148. What is p(-8)?
172
Let z(g) = -802*g + 252. What is z(-2)?
1856
Let f(d) = -18302*d - 93857. What is f(-5)?
-2347
Let f(m) = -186*m - 2524. Calculate f(-17).
638
Let h(x) = 1167*x**2 + 10283*x + 19679. Determine h(-6).
-7
Let m(z) = -z**3 - 188*z**2 + 1271*z + 20765. Give m(-194).
7
Let v(u) = -1028*u**2 + 7132*u + 108. Determine v(7).
-340
Let n(s) = 81*s**2 + 21333*s + 42661. Determine n(-2).
319
Let h(m) = -3*m**2 - 2009*m - 9343. Determine h(-665).
-33
Let m(j) = j**3 + 51*j**2 - 29104*j + 434. Calculate m(-198).
38
Let d(k) = 135*k**2 - 16328*k - 861. What is d(121)?
-14
Let u(c) = 8854*c - 35720. What is u(4)?
-304
Let b(g) = 2*g**3 + 2298*g**2 + 15970*g - 145. Calculate b(-7).
-19
Let r(n) = 458*n - 237. Give r(-2).
-1153
Let f(c) = 3014*c - 26819. Give f(9).
307
Let o(k) = 22370*k - 19998779. Give o(894).
1
Let i(o) = -o**2 - 20*o - 405. Determine i(38).
-2609
Let s(x) = -11*x**3 - 6*x**2 + 5*x + 83. What is s(-5)?
1283
Let w(h) = 73513*h + 735090. What is w(-10)?
-40
Let y(g) = -2*g**3 - 229*g**2 + 3669*g - 9279. Calculate y(-129).
9
Let l(k) = k**3 + 73*k**2 + 405*k + 4671. Determine l(-68).
251
Let u(x) = -151*x**2 - 466*x + 39. What is u(2)?
-1497
Let d(p) = -4*p**2 - 831*p - 37437. What is d(-66)?
-15
Let c(j) = -3*j**2 - 207*j + 15395. Determine c(45).
5
Let r(k) = 2*k**3 + 36*k**2 - 348*k - 2930. What is r(-23)?
-216
Let m(b) = b**3 + 20*b**2 + 90*b - 54. What is m(-15)?
-279
Let g(f) = -4343*f + 65143. Determine g(15).
-2
Let f(h) = 2*h**2 + 1287*h + 4214. Determine f(0).
4214
Let m(o) = o**3 - 49*o**2 - 2459*o + 12333. Determine m(-34).
-9
Let x(d) = -d**3 - 7*d**2 - 109*d - 1502. Give x(-14).
1396
Let y(m) = -12669*m - 1102190. Calculate y(-87).
13
Let p(z) = -387*z - 69235. What is p(-179)?
38
Let s(k) = -3*k**3 + 81*k**2 + 49*k - 26. Determine s(28).
-1006
Let f(n) = 8*n**3 - 18*n**2 + 77*n - 228. Calculate f(5).
707
Let x(v) = 100*v - 23247. Calculate x(235).
253
Let y(a) = 8412*a + 218683. Determine y(-26).
-29
Let k(l) = 5*l**2 - 4452*l - 419846. What is k(-86)?
6
Let a(z) = z**3 + 13*z**2 - 4*z - 25. Give a(6).
635
Let m(g) = 842*g**2 + 6739*g + 28. Give m(-8).
4
Let g(d) = -d**3 + 158*d**2 + 263*d + 9101. Determine g(160).
-19
Let u(z) = 6*z**2 - 2994*z - 108684. Determine u(533).
48
Let k(b) = -b**3 - 63*b**2 - 588*b + 1297. Give k(-51).
73
Let b(h) = 54790*h + 328324. Give b(-6).
-416
Let r(v) = 162349*v + 1948198. What is r(-12)?
10
Let c(j) = -71181*j + 5836823. Give c(82).
-19
Let j(k) = 625*k - 64197. Determine j(102).
-447
Let t(u) = 5355*u + 10707. Give t(-2).
-3
Let y(d) = -3*d**2 + 400*d - 3053. Calculate y(8).
-45
Let j(q) = q**2 - 11111*q - 111213. Determine j(-10).
-3
Let f(w) = -2331*w**2 - 4522*w + 281. Calculate f(-2).
1
Let c(n) = -15*n**2 - 2044*n - 27288. Determine c(-15).
-3
Let b(z) = 8*z**2 + 510*z - 22475. What is b(30)?
25
Let c(a) = -a**2 + 1256*a - 33496. Determine c(27).
-313
Let w(f) = -9*f**3 + 7*f**2 + 23656*f - 23654. Determine w(1).
0
Let b(x) = 2*x**3 + 3*x**2 - 634*x - 5216. Determine b(-8).
-976
Let w(m) = -2*m**3 - 675*m**2 - 40481*m + 90. What is w(-78)?
12
Let v(s) = s**3 - 101*s**2 - 2279*s - 203. Calculate v(120).
-83
Let w(r) = -67*r**2 - 19174*r + 19174. Calculate w(1).
-67
Let m(n) = -2343*n - 1937658. What is m(-827)?
3
Let t(j) = 5*j**2 - 504*j - 11218. Determine t(-24).
3758
Let s(z) = -964*z - 19572. What is s(-21)?
672
Let r(g) = -2844*g - 413. Give r(0).
-413
Let d(u) = 240*u - 5589. What is d(24)?
171
Let v(q) = -2*q**3 + 577*q**2 + 4739*q - 15. Determine v(-8).
25
Let z(a) = -a**3 + 21*a**2 - 94*a + 38. Calculate z(12).
206
Let i(a) = 31223*a + 2466616. Determine i(-79).
-1
Let l(x) = 214*x - 10505. What is l(49)?
-19
Let f(v) = -1400*v + 590774. What is f(422)?
-26
Let f(z) = -z**3 + 81*z**2 + 576*z - 12558. Determine f(86).
-2
Let g(d) = -257*d + 18798. Calculate g(72).
294
Let t(n) = 598*n + 2514. What is t(-5)?
-476
Let t(j) = -9*j**2 - 701*j + 3740. What is t(5)?
10
Let w(s) = s**3 + 56*s**2 - 202*s - 3061. Calculate w(-6).
-49
Let h(g) = -20*g**2 + 2981*g - 107415. Calculate h(61).
6
Let q(r) = -2930*r - 2062690. What is q(-704)?
30
Let k(g) = -3*g**2 - 126*g - 396. What is k(-25)?
879
Let h(s) = -2*s**3 + 8*s**2 - 14*s + 12. Calculate h(1).
4
Let w(d) = -203*d - 3795. Calculate w(-16).
-547
Let o(w) = -w**3 - 97*w**2 - 871*w - 39. What is o(-10)?
-29
Let s(n) = 2050*n + 53294. Determine s(-26).
-6
Let q(z) = z**3 + 74*z**2 - 2394*z - 4122. What is q(-98)?
-6
Let a(r) = 349601*r - 1748007. Give a(5).
-2
Let w(o) = -o**3 - 18*o**2 + 31*o + 533. What is w(-16)?
-475
Let n(a) = 3*a**3 + 13*a**2 + 4544*a + 18167. Give n(-4).
7
Let u(g) = -1543*